{"id":2226,"date":"2025-07-15T13:17:58","date_gmt":"2025-07-15T11:17:58","guid":{"rendered":"https:\/\/chantailles.ch\/?page_id=2226"},"modified":"2025-08-25T19:31:00","modified_gmt":"2025-08-25T17:31:00","slug":"escape-game-vin","status":"publish","type":"page","link":"https:\/\/chantailles.ch\/?page_id=2226","title":{"rendered":"Wine Escape Game"},"content":{"rendered":"\n<h4 class=\"wp-block-heading\">Quand le terroir vaudois se pare de myst\u00e8re&#8230;<\/h4>\n\n\n\n<p>Laissez-vous emporter dans un Escape Game unique dans l&rsquo;univers des vins suisses, nich\u00e9 au c\u0153ur des vignes de La C\u00f4te.<\/p>\n\n\n\n<p>Entre coll\u00e8gues, amis ou en famille, r\u00e9solvez des \u00e9nigmes, franchissez des \u00e9preuves de d\u00e9gustation \u00e0 l&rsquo;aveugle et venez \u00e0 bout d&rsquo;un sc\u00e9nario plein de rebondissements. D\u00e9couvrez le vin autrement, guid\u00e9s par la curiosit\u00e9 et la convivialit\u00e9, un verre \u00e0 la main !<\/p>\n\n\n\n<p>Amateurs de grands crus, passionn\u00e9s de jeux ou simplement en qu\u00eate d&rsquo;une exp\u00e9rience originale \u00e0 partager, venez explorer les secrets fascinants de la vigne et du vin dans cette aventure grandeur nature.<\/p>\n\n\n\n<h5 class=\"wp-block-heading\">Saurez-vous percer les myst\u00e8res, relever les d\u00e9fis sensoriels et retrouver la bouteille mythique avant qu&rsquo;elle ne disparaisse ?<\/h5>\n\n\n\n<h2 class=\"wp-block-heading\">Infos &amp; r\u00e9servation<\/h2>\n\n\n\n<ul class=\"wp-block-list\">\n<li><strong>Lieu<\/strong>: Dans une capite de vigne \u00e0 Mont-sur-Rolle<\/li>\n\n\n\n<li><strong>Nombre de participant\u00b7es<\/strong>: 2 \u00e0 6 par session<\/li>\n\n\n\n<li><strong>Dur\u00e9e<\/strong>: 60 minutes environ<\/li>\n\n\n\n<li><strong>Tarif<\/strong>: CHF 240.- pour un groupe jusqu&rsquo;\u00e0 3 personnes, puis 75.- par pers. suppl\u00e9mentaire<\/li>\n<\/ul>\n\n\n\n<h3 class=\"wp-block-heading\">Aussi inclus:<\/h3>\n\n\n\n<ul class=\"wp-block-list\">\n<li>D\u00e9gustation de 4 vins durant le jeu<\/li>\n\n\n\n<li>1 bouteille de vin par personne, \u00e0 d\u00e9guster chez soi, entre amis<\/li>\n<\/ul>\n\n\n\n<p><strong>R\u00e9servation:<\/strong> Angel au +41 79 132 54 73 ou <a href=\"mailto:angel@passionnement-vin.com\">angel@passionnement-vin.com<\/a><\/p>\n\n\n\n<p>&nbsp;<\/p>\n\n\n\n<p><em>Une cr\u00e9ation sign\u00e9e<\/em><\/p>\n\n\n\n<figure class=\"wp-block-image size-large\"><a href=\"https:\/\/www.passionnement-vin.com\/\" target=\"_blank\" rel=\" noreferrer noopener\"><img loading=\"lazy\" decoding=\"async\" width=\"1024\" height=\"370\" src=\"https:\/\/chantailles.ch\/wp-content\/uploads\/2025\/07\/logo-Black-on-Transparent-with-Line-1024x370.png\" alt=\"\" class=\"wp-image-2231\" srcset=\"https:\/\/chantailles.ch\/wp-content\/uploads\/2025\/07\/logo-Black-on-Transparent-with-Line-1024x370.png 1024w, https:\/\/chantailles.ch\/wp-content\/uploads\/2025\/07\/logo-Black-on-Transparent-with-Line-300x108.png 300w, https:\/\/chantailles.ch\/wp-content\/uploads\/2025\/07\/logo-Black-on-Transparent-with-Line-768x277.png 768w, https:\/\/chantailles.ch\/wp-content\/uploads\/2025\/07\/logo-Black-on-Transparent-with-Line-1536x555.png 1536w, https:\/\/chantailles.ch\/wp-content\/uploads\/2025\/07\/logo-Black-on-Transparent-with-Line-900x325.png 900w, https:\/\/chantailles.ch\/wp-content\/uploads\/2025\/07\/logo-Black-on-Transparent-with-Line-1280x462.png 1280w, https:\/\/chantailles.ch\/wp-content\/uploads\/2025\/07\/logo-Black-on-Transparent-with-Line.png 2002w\" sizes=\"auto, (max-width: 1024px) 100vw, 1024px\" \/><\/a><\/figure>\n","protected":false},"excerpt":{"rendered":"<p>Quand le terroir vaudois se pare de myst\u00e8re&#8230; Laissez-vous emporter dans un Escape Game unique dans l&rsquo;univers des vins suisses, nich\u00e9 au c\u0153ur des vignes de La C\u00f4te. Entre coll\u00e8gues, [&hellip;]<\/p>\n","protected":false},"author":1,"featured_media":2236,"parent":0,"menu_order":0,"comment_status":"closed","ping_status":"closed","template":"","meta":{"footnotes":""},"class_list":["post-2226","page","type-page","status-publish","has-post-thumbnail","hentry"],"yoast_head":"<!-- This site is optimized with the Yoast SEO plugin v27.6 - https:\/\/yoast.com\/product\/yoast-seo-wordpress\/ -->\n<title>Escape Game oenologique unique dans les vignes de La C\u00f4te<\/title>\n<meta name=\"description\" content=\"R\u00e9solvez des \u00e9nigmes, explorez les secrets du vin et vivez une exp\u00e9rience immersive au c\u0153ur des vignes. Un d\u00e9fi unique pour \u00e9picuriens curieux et passionn\u00e9s.\" \/>\n<meta name=\"robots\" content=\"index, follow, max-snippet:-1, max-image-preview:large, max-video-preview:-1\" \/>\n<link rel=\"canonical\" href=\"https:\/\/chantailles.ch\/?page_id=2226\" \/>\n<meta property=\"og:locale\" content=\"fr_FR\" \/>\n<meta property=\"og:type\" content=\"article\" \/>\n<meta property=\"og:title\" content=\"Escape Game oenologique unique dans les vignes de La C\u00f4te\" \/>\n<meta property=\"og:description\" content=\"R\u00e9solvez des \u00e9nigmes, explorez les secrets du vin et vivez une exp\u00e9rience immersive au c\u0153ur des vignes. Un d\u00e9fi unique pour \u00e9picuriens curieux et passionn\u00e9s.\" \/>\n<meta property=\"og:url\" content=\"https:\/\/chantailles.ch\/?page_id=2226\" \/>\n<meta property=\"og:site_name\" content=\"Domaine des Chantailles\" \/>\n<meta property=\"article:modified_time\" content=\"2025-08-25T17:31:00+00:00\" \/>\n<meta property=\"og:image\" content=\"https:\/\/chantailles.ch\/wp-content\/uploads\/2025\/07\/Photo-escape-game-1024x683.png\" \/>\n\t<meta property=\"og:image:width\" content=\"1024\" \/>\n\t<meta property=\"og:image:height\" content=\"683\" \/>\n\t<meta property=\"og:image:type\" content=\"image\/png\" \/>\n<meta name=\"twitter:card\" content=\"summary_large_image\" \/>\n<meta name=\"twitter:label1\" content=\"Dur\u00e9e de lecture estim\u00e9e\" \/>\n\t<meta name=\"twitter:data1\" content=\"2 minutes\" \/>\n<script type=\"application\/ld+json\" class=\"yoast-schema-graph\">{\"@context\":\"https:\\\/\\\/schema.org\",\"@graph\":[{\"@type\":\"WebPage\",\"@id\":\"https:\\\/\\\/chantailles.ch\\\/?page_id=2226\",\"url\":\"https:\\\/\\\/chantailles.ch\\\/?page_id=2226\",\"name\":\"Escape Game oenologique unique dans les vignes de La C\u00f4te\",\"isPartOf\":{\"@id\":\"https:\\\/\\\/chantailles.ch\\\/#website\"},\"primaryImageOfPage\":{\"@id\":\"https:\\\/\\\/chantailles.ch\\\/?page_id=2226#primaryimage\"},\"image\":{\"@id\":\"https:\\\/\\\/chantailles.ch\\\/?page_id=2226#primaryimage\"},\"thumbnailUrl\":\"https:\\\/\\\/chantailles.ch\\\/wp-content\\\/uploads\\\/2025\\\/07\\\/Photo-escape-game.png\",\"datePublished\":\"2025-07-15T11:17:58+00:00\",\"dateModified\":\"2025-08-25T17:31:00+00:00\",\"description\":\"R\u00e9solvez des \u00e9nigmes, explorez les secrets du vin et vivez une exp\u00e9rience immersive au c\u0153ur des vignes. Un d\u00e9fi unique pour \u00e9picuriens curieux et passionn\u00e9s.\",\"breadcrumb\":{\"@id\":\"https:\\\/\\\/chantailles.ch\\\/?page_id=2226#breadcrumb\"},\"inLanguage\":\"fr-FR\",\"potentialAction\":[{\"@type\":\"ReadAction\",\"target\":[\"https:\\\/\\\/chantailles.ch\\\/?page_id=2226\"]}]},{\"@type\":\"ImageObject\",\"inLanguage\":\"fr-FR\",\"@id\":\"https:\\\/\\\/chantailles.ch\\\/?page_id=2226#primaryimage\",\"url\":\"https:\\\/\\\/chantailles.ch\\\/wp-content\\\/uploads\\\/2025\\\/07\\\/Photo-escape-game.png\",\"contentUrl\":\"https:\\\/\\\/chantailles.ch\\\/wp-content\\\/uploads\\\/2025\\\/07\\\/Photo-escape-game.png\",\"width\":1536,\"height\":1024},{\"@type\":\"BreadcrumbList\",\"@id\":\"https:\\\/\\\/chantailles.ch\\\/?page_id=2226#breadcrumb\",\"itemListElement\":[{\"@type\":\"ListItem\",\"position\":1,\"name\":\"Accueil\",\"item\":\"https:\\\/\\\/chantailles.ch\\\/\"},{\"@type\":\"ListItem\",\"position\":2,\"name\":\"Wine Escape Game\"}]},{\"@type\":\"WebSite\",\"@id\":\"https:\\\/\\\/chantailles.ch\\\/#website\",\"url\":\"https:\\\/\\\/chantailles.ch\\\/\",\"name\":\"Domaine des Chantailles\",\"description\":\"Tartegnin Pays du bon vin\",\"potentialAction\":[{\"@type\":\"SearchAction\",\"target\":{\"@type\":\"EntryPoint\",\"urlTemplate\":\"https:\\\/\\\/chantailles.ch\\\/?s={search_term_string}\"},\"query-input\":{\"@type\":\"PropertyValueSpecification\",\"valueRequired\":true,\"valueName\":\"search_term_string\"}}],\"inLanguage\":\"fr-FR\"}]}<\/script>\n<!-- \/ Yoast SEO plugin. -->","yoast_head_json":{"title":"Escape Game oenologique unique dans les vignes de La C\u00f4te","description":"R\u00e9solvez des \u00e9nigmes, explorez les secrets du vin et vivez une exp\u00e9rience immersive au c\u0153ur des vignes. Un d\u00e9fi unique pour \u00e9picuriens curieux et passionn\u00e9s.","robots":{"index":"index","follow":"follow","max-snippet":"max-snippet:-1","max-image-preview":"max-image-preview:large","max-video-preview":"max-video-preview:-1"},"canonical":"https:\/\/chantailles.ch\/?page_id=2226","og_locale":"fr_FR","og_type":"article","og_title":"Escape Game oenologique unique dans les vignes de La C\u00f4te","og_description":"R\u00e9solvez des \u00e9nigmes, explorez les secrets du vin et vivez une exp\u00e9rience immersive au c\u0153ur des vignes. Un d\u00e9fi unique pour \u00e9picuriens curieux et passionn\u00e9s.","og_url":"https:\/\/chantailles.ch\/?page_id=2226","og_site_name":"Domaine des Chantailles","article_modified_time":"2025-08-25T17:31:00+00:00","og_image":[{"width":1024,"height":683,"url":"https:\/\/chantailles.ch\/wp-content\/uploads\/2025\/07\/Photo-escape-game-1024x683.png","type":"image\/png"}],"twitter_card":"summary_large_image","twitter_misc":{"Dur\u00e9e de lecture estim\u00e9e":"2 minutes"},"schema":{"@context":"https:\/\/schema.org","@graph":[{"@type":"WebPage","@id":"https:\/\/chantailles.ch\/?page_id=2226","url":"https:\/\/chantailles.ch\/?page_id=2226","name":"Escape Game oenologique unique dans les vignes de La C\u00f4te","isPartOf":{"@id":"https:\/\/chantailles.ch\/#website"},"primaryImageOfPage":{"@id":"https:\/\/chantailles.ch\/?page_id=2226#primaryimage"},"image":{"@id":"https:\/\/chantailles.ch\/?page_id=2226#primaryimage"},"thumbnailUrl":"https:\/\/chantailles.ch\/wp-content\/uploads\/2025\/07\/Photo-escape-game.png","datePublished":"2025-07-15T11:17:58+00:00","dateModified":"2025-08-25T17:31:00+00:00","description":"R\u00e9solvez des \u00e9nigmes, explorez les secrets du vin et vivez une exp\u00e9rience immersive au c\u0153ur des vignes. Un d\u00e9fi unique pour \u00e9picuriens curieux et passionn\u00e9s.","breadcrumb":{"@id":"https:\/\/chantailles.ch\/?page_id=2226#breadcrumb"},"inLanguage":"fr-FR","potentialAction":[{"@type":"ReadAction","target":["https:\/\/chantailles.ch\/?page_id=2226"]}]},{"@type":"ImageObject","inLanguage":"fr-FR","@id":"https:\/\/chantailles.ch\/?page_id=2226#primaryimage","url":"https:\/\/chantailles.ch\/wp-content\/uploads\/2025\/07\/Photo-escape-game.png","contentUrl":"https:\/\/chantailles.ch\/wp-content\/uploads\/2025\/07\/Photo-escape-game.png","width":1536,"height":1024},{"@type":"BreadcrumbList","@id":"https:\/\/chantailles.ch\/?page_id=2226#breadcrumb","itemListElement":[{"@type":"ListItem","position":1,"name":"Accueil","item":"https:\/\/chantailles.ch\/"},{"@type":"ListItem","position":2,"name":"Wine Escape Game"}]},{"@type":"WebSite","@id":"https:\/\/chantailles.ch\/#website","url":"https:\/\/chantailles.ch\/","name":"Domaine des Chantailles","description":"Tartegnin Pays du bon vin","potentialAction":[{"@type":"SearchAction","target":{"@type":"EntryPoint","urlTemplate":"https:\/\/chantailles.ch\/?s={search_term_string}"},"query-input":{"@type":"PropertyValueSpecification","valueRequired":true,"valueName":"search_term_string"}}],"inLanguage":"fr-FR"}]}},"_links":{"self":[{"href":"https:\/\/chantailles.ch\/index.php?rest_route=\/wp\/v2\/pages\/2226","targetHints":{"allow":["GET"]}}],"collection":[{"href":"https:\/\/chantailles.ch\/index.php?rest_route=\/wp\/v2\/pages"}],"about":[{"href":"https:\/\/chantailles.ch\/index.php?rest_route=\/wp\/v2\/types\/page"}],"author":[{"embeddable":true,"href":"https:\/\/chantailles.ch\/index.php?rest_route=\/wp\/v2\/users\/1"}],"replies":[{"embeddable":true,"href":"https:\/\/chantailles.ch\/index.php?rest_route=%2Fwp%2Fv2%2Fcomments&post=2226"}],"version-history":[{"count":11,"href":"https:\/\/chantailles.ch\/index.php?rest_route=\/wp\/v2\/pages\/2226\/revisions"}],"predecessor-version":[{"id":2249,"href":"https:\/\/chantailles.ch\/index.php?rest_route=\/wp\/v2\/pages\/2226\/revisions\/2249"}],"wp:featuredmedia":[{"embeddable":true,"href":"https:\/\/chantailles.ch\/index.php?rest_route=\/wp\/v2\/media\/2236"}],"wp:attachment":[{"href":"https:\/\/chantailles.ch\/index.php?rest_route=%2Fwp%2Fv2%2Fmedia&parent=2226"}],"curies":[{"name":"wp","href":"https:\/\/api.w.org\/{rel}","templated":true}]}}