{"id":27,"date":"2017-02-12T20:58:01","date_gmt":"2017-02-12T19:58:01","guid":{"rendered":"http:\/\/mqeaflcc.preview.infomaniak.website\/?page_id=27"},"modified":"2021-12-23T17:54:21","modified_gmt":"2021-12-23T16:54:21","slug":"presentation","status":"publish","type":"page","link":"https:\/\/chantailles.ch\/","title":{"rendered":"Pr\u00e9sentation"},"content":{"rendered":"<style>\n.page-wrap .content-wrapper {<br \/>\tbackground-color: rgba(0, 0, 0, 0.5);<br \/>}<br \/>#secondary{<br \/>\tbackground-color: rgba(0, 0, 0, 0.5);<br \/>\tcolor: #fff;<br \/>}<br \/>#secondary .widget-title{<br \/>\tcolor: #fff;<br \/>}<br \/>body{<br \/>\tcolor: #fff;<br \/>}<br \/>h1{<br \/>\tcolor: #fff;<br \/>}<br \/>h3{<br \/>\tcolor: #fff;<br \/>}<br \/><\/style>\n<p>Nous cultivons une surface de 9,5 hectares situ\u00e9s sur les appellations Tartegnin et Mont-sur-Rolle. Les vignes, conduites en mi-haute, sont cultiv\u00e9es selon les principes de la production int\u00e9gr\u00e9e. Depuis quelques ann\u00e9es, une parcelle est cultiv\u00e9e selon la biodynamie. La cave et le bouteiller avec des installations adapt\u00e9es aux exigences actuelles de l&rsquo;oenologie nous permettent de presser, \u00e9lever et mettre en bouteilles notre production au domaine, en garantissant l&rsquo;authenticit\u00e9 et la haute qualit\u00e9 de nos vins, mais le meilleur moyen d&rsquo;appr\u00e9cier nos produits est de les d\u00e9guster sur place apr\u00e8s nous avoir contact\u00e9s. En 2006, nous avons construit une salle de r\u00e9ception pouvant accueillir 50 personnes, voire 75 en \u00e9t\u00e9.<\/p>\n<p>Ce faisant, nous contr\u00f4lons toutes les \u00e9tapes de la vigne \u00e0 la bouteille, pour vous proposer des produits du terroir qui vous apporteront plaisir et satisfaction.<\/p>\n","protected":false},"excerpt":{"rendered":"<p>Nous cultivons une surface de 9,5 hectares situ\u00e9s sur les appellations Tartegnin et Mont-sur-Rolle. Les vignes, conduites en mi-haute, sont cultiv\u00e9es selon les principes de la production int\u00e9gr\u00e9e. Depuis quelques [&hellip;]<\/p>\n","protected":false},"author":1,"featured_media":0,"parent":0,"menu_order":0,"comment_status":"closed","ping_status":"closed","template":"","meta":{"footnotes":""},"class_list":["post-27","page","type-page","status-publish","hentry"],"yoast_head":"<!-- This site is optimized with the Yoast SEO plugin v27.3 - https:\/\/yoast.com\/product\/yoast-seo-wordpress\/ -->\n<title>Pr\u00e9sentation - Domaine des Chantailles<\/title>\n<meta name=\"robots\" content=\"index, follow, max-snippet:-1, max-image-preview:large, max-video-preview:-1\" \/>\n<link rel=\"canonical\" href=\"https:\/\/chantailles.ch\/\" \/>\n<meta property=\"og:locale\" content=\"fr_FR\" \/>\n<meta property=\"og:type\" content=\"article\" \/>\n<meta property=\"og:title\" content=\"Pr\u00e9sentation - Domaine des Chantailles\" \/>\n<meta property=\"og:description\" content=\"Nous cultivons une surface de 9,5 hectares situ\u00e9s sur les appellations Tartegnin et Mont-sur-Rolle. Les vignes, conduites en mi-haute, sont cultiv\u00e9es selon les principes de la production int\u00e9gr\u00e9e. Depuis quelques [&hellip;]\" \/>\n<meta property=\"og:url\" content=\"https:\/\/chantailles.ch\/\" \/>\n<meta property=\"og:site_name\" content=\"Domaine des Chantailles\" \/>\n<meta property=\"article:modified_time\" content=\"2021-12-23T16:54:21+00:00\" \/>\n<meta name=\"twitter:card\" content=\"summary_large_image\" \/>\n<meta name=\"twitter:label1\" content=\"Dur\u00e9e de lecture estim\u00e9e\" \/>\n\t<meta name=\"twitter:data1\" content=\"1 minute\" \/>\n<script type=\"application\/ld+json\" class=\"yoast-schema-graph\">{\"@context\":\"https:\\\/\\\/schema.org\",\"@graph\":[{\"@type\":\"WebPage\",\"@id\":\"https:\\\/\\\/chantailles.ch\\\/\",\"url\":\"https:\\\/\\\/chantailles.ch\\\/\",\"name\":\"Pr\u00e9sentation - Domaine des Chantailles\",\"isPartOf\":{\"@id\":\"https:\\\/\\\/chantailles.ch\\\/#website\"},\"datePublished\":\"2017-02-12T19:58:01+00:00\",\"dateModified\":\"2021-12-23T16:54:21+00:00\",\"breadcrumb\":{\"@id\":\"https:\\\/\\\/chantailles.ch\\\/#breadcrumb\"},\"inLanguage\":\"fr-FR\",\"potentialAction\":[{\"@type\":\"ReadAction\",\"target\":[\"https:\\\/\\\/chantailles.ch\\\/\"]}]},{\"@type\":\"BreadcrumbList\",\"@id\":\"https:\\\/\\\/chantailles.ch\\\/#breadcrumb\",\"itemListElement\":[{\"@type\":\"ListItem\",\"position\":1,\"name\":\"Accueil\",\"item\":\"https:\\\/\\\/chantailles.ch\\\/\"},{\"@type\":\"ListItem\",\"position\":2,\"name\":\"Pr\u00e9sentation\"}]},{\"@type\":\"WebSite\",\"@id\":\"https:\\\/\\\/chantailles.ch\\\/#website\",\"url\":\"https:\\\/\\\/chantailles.ch\\\/\",\"name\":\"Domaine des Chantailles\",\"description\":\"Tartegnin Pays du bon vin\",\"potentialAction\":[{\"@type\":\"SearchAction\",\"target\":{\"@type\":\"EntryPoint\",\"urlTemplate\":\"https:\\\/\\\/chantailles.ch\\\/?s={search_term_string}\"},\"query-input\":{\"@type\":\"PropertyValueSpecification\",\"valueRequired\":true,\"valueName\":\"search_term_string\"}}],\"inLanguage\":\"fr-FR\"}]}<\/script>\n<!-- \/ Yoast SEO plugin. -->","yoast_head_json":{"title":"Pr\u00e9sentation - Domaine des Chantailles","robots":{"index":"index","follow":"follow","max-snippet":"max-snippet:-1","max-image-preview":"max-image-preview:large","max-video-preview":"max-video-preview:-1"},"canonical":"https:\/\/chantailles.ch\/","og_locale":"fr_FR","og_type":"article","og_title":"Pr\u00e9sentation - Domaine des Chantailles","og_description":"Nous cultivons une surface de 9,5 hectares situ\u00e9s sur les appellations Tartegnin et Mont-sur-Rolle. Les vignes, conduites en mi-haute, sont cultiv\u00e9es selon les principes de la production int\u00e9gr\u00e9e. Depuis quelques [&hellip;]","og_url":"https:\/\/chantailles.ch\/","og_site_name":"Domaine des Chantailles","article_modified_time":"2021-12-23T16:54:21+00:00","twitter_card":"summary_large_image","twitter_misc":{"Dur\u00e9e de lecture estim\u00e9e":"1 minute"},"schema":{"@context":"https:\/\/schema.org","@graph":[{"@type":"WebPage","@id":"https:\/\/chantailles.ch\/","url":"https:\/\/chantailles.ch\/","name":"Pr\u00e9sentation - Domaine des Chantailles","isPartOf":{"@id":"https:\/\/chantailles.ch\/#website"},"datePublished":"2017-02-12T19:58:01+00:00","dateModified":"2021-12-23T16:54:21+00:00","breadcrumb":{"@id":"https:\/\/chantailles.ch\/#breadcrumb"},"inLanguage":"fr-FR","potentialAction":[{"@type":"ReadAction","target":["https:\/\/chantailles.ch\/"]}]},{"@type":"BreadcrumbList","@id":"https:\/\/chantailles.ch\/#breadcrumb","itemListElement":[{"@type":"ListItem","position":1,"name":"Accueil","item":"https:\/\/chantailles.ch\/"},{"@type":"ListItem","position":2,"name":"Pr\u00e9sentation"}]},{"@type":"WebSite","@id":"https:\/\/chantailles.ch\/#website","url":"https:\/\/chantailles.ch\/","name":"Domaine des Chantailles","description":"Tartegnin Pays du bon vin","potentialAction":[{"@type":"SearchAction","target":{"@type":"EntryPoint","urlTemplate":"https:\/\/chantailles.ch\/?s={search_term_string}"},"query-input":{"@type":"PropertyValueSpecification","valueRequired":true,"valueName":"search_term_string"}}],"inLanguage":"fr-FR"}]}},"_links":{"self":[{"href":"https:\/\/chantailles.ch\/index.php?rest_route=\/wp\/v2\/pages\/27","targetHints":{"allow":["GET"]}}],"collection":[{"href":"https:\/\/chantailles.ch\/index.php?rest_route=\/wp\/v2\/pages"}],"about":[{"href":"https:\/\/chantailles.ch\/index.php?rest_route=\/wp\/v2\/types\/page"}],"author":[{"embeddable":true,"href":"https:\/\/chantailles.ch\/index.php?rest_route=\/wp\/v2\/users\/1"}],"replies":[{"embeddable":true,"href":"https:\/\/chantailles.ch\/index.php?rest_route=%2Fwp%2Fv2%2Fcomments&post=27"}],"version-history":[{"count":16,"href":"https:\/\/chantailles.ch\/index.php?rest_route=\/wp\/v2\/pages\/27\/revisions"}],"predecessor-version":[{"id":1705,"href":"https:\/\/chantailles.ch\/index.php?rest_route=\/wp\/v2\/pages\/27\/revisions\/1705"}],"wp:attachment":[{"href":"https:\/\/chantailles.ch\/index.php?rest_route=%2Fwp%2Fv2%2Fmedia&parent=27"}],"curies":[{"name":"wp","href":"https:\/\/api.w.org\/{rel}","templated":true}]}}