{"id":33,"date":"2017-04-12T17:03:32","date_gmt":"2017-04-12T15:03:32","guid":{"rendered":"http:\/\/mqeaflcc.preview.infomaniak.website\/?page_id=33"},"modified":"2021-12-25T17:44:52","modified_gmt":"2021-12-25T16:44:52","slug":"acces","status":"publish","type":"page","link":"https:\/\/chantailles.ch\/?page_id=33","title":{"rendered":"Acc\u00e8s"},"content":{"rendered":"<p><iframe loading=\"lazy\" style=\"border: 0;\" src=\"https:\/\/www.google.com\/maps\/embed?pb=!1m18!1m12!1m3!1d2748.325260415362!2d6.318908315591149!3d46.46206497912537!2m3!1f0!2f0!3f0!3m2!1i1024!2i768!4f13.1!3m3!1m2!1s0x478c45cdff231291%3A0xeddf29f559360236!2sDomaine+des+Chantailles!5e0!3m2!1sfr!2sch!4v1492013062265\" width=\"600\" height=\"450\" frameborder=\"0\" allowfullscreen=\"allowfullscreen\"><\/iframe><\/p>\n<p>Pour nous trouver, rien de plus simple!<br \/>\nPrenez la sortie n\u00b013 \u00e0 Rolle. Suivez les panneaux z.a. La Pi\u00e8ce. Vous prendrez trois giratoires.<br \/>\nAu premier: 3\u00e8me sortie<br \/>\nAu second: premi\u00e8re sortie<br \/>\nAu troisi\u00e8me et dernier: premi\u00e8re sortie.<br \/>\nLa cave se trouve devant la maison et la salle de r\u00e9ception au nord.<\/p>\n","protected":false},"excerpt":{"rendered":"<p>Pour nous trouver, rien de plus simple! Prenez la sortie n\u00b013 \u00e0 Rolle. Suivez les panneaux z.a. La Pi\u00e8ce. Vous prendrez trois giratoires. Au premier: 3\u00e8me sortie Au second: premi\u00e8re [&hellip;]<\/p>\n","protected":false},"author":1,"featured_media":0,"parent":0,"menu_order":0,"comment_status":"closed","ping_status":"closed","template":"","meta":{"footnotes":""},"class_list":["post-33","page","type-page","status-publish","hentry"],"yoast_head":"<!-- This site is optimized with the Yoast SEO plugin v27.3 - https:\/\/yoast.com\/product\/yoast-seo-wordpress\/ -->\n<title>Acc\u00e8s - Domaine des Chantailles<\/title>\n<meta name=\"robots\" content=\"index, follow, max-snippet:-1, max-image-preview:large, max-video-preview:-1\" \/>\n<link rel=\"canonical\" href=\"https:\/\/chantailles.ch\/?page_id=33\" \/>\n<meta property=\"og:locale\" content=\"fr_FR\" \/>\n<meta property=\"og:type\" content=\"article\" \/>\n<meta property=\"og:title\" content=\"Acc\u00e8s - Domaine des Chantailles\" \/>\n<meta property=\"og:description\" content=\"Pour nous trouver, rien de plus simple! Prenez la sortie n\u00b013 \u00e0 Rolle. Suivez les panneaux z.a. La Pi\u00e8ce. Vous prendrez trois giratoires. Au premier: 3\u00e8me sortie Au second: premi\u00e8re [&hellip;]\" \/>\n<meta property=\"og:url\" content=\"https:\/\/chantailles.ch\/?page_id=33\" \/>\n<meta property=\"og:site_name\" content=\"Domaine des Chantailles\" \/>\n<meta property=\"article:modified_time\" content=\"2021-12-25T16:44:52+00:00\" \/>\n<meta name=\"twitter:card\" content=\"summary_large_image\" \/>\n<meta name=\"twitter:label1\" content=\"Dur\u00e9e de lecture estim\u00e9e\" \/>\n\t<meta name=\"twitter:data1\" content=\"1 minute\" \/>\n<script type=\"application\/ld+json\" class=\"yoast-schema-graph\">{\"@context\":\"https:\\\/\\\/schema.org\",\"@graph\":[{\"@type\":\"WebPage\",\"@id\":\"https:\\\/\\\/chantailles.ch\\\/?page_id=33\",\"url\":\"https:\\\/\\\/chantailles.ch\\\/?page_id=33\",\"name\":\"Acc\u00e8s - Domaine des Chantailles\",\"isPartOf\":{\"@id\":\"https:\\\/\\\/chantailles.ch\\\/#website\"},\"datePublished\":\"2017-04-12T15:03:32+00:00\",\"dateModified\":\"2021-12-25T16:44:52+00:00\",\"breadcrumb\":{\"@id\":\"https:\\\/\\\/chantailles.ch\\\/?page_id=33#breadcrumb\"},\"inLanguage\":\"fr-FR\",\"potentialAction\":[{\"@type\":\"ReadAction\",\"target\":[\"https:\\\/\\\/chantailles.ch\\\/?page_id=33\"]}]},{\"@type\":\"BreadcrumbList\",\"@id\":\"https:\\\/\\\/chantailles.ch\\\/?page_id=33#breadcrumb\",\"itemListElement\":[{\"@type\":\"ListItem\",\"position\":1,\"name\":\"Accueil\",\"item\":\"https:\\\/\\\/chantailles.ch\\\/\"},{\"@type\":\"ListItem\",\"position\":2,\"name\":\"Acc\u00e8s\"}]},{\"@type\":\"WebSite\",\"@id\":\"https:\\\/\\\/chantailles.ch\\\/#website\",\"url\":\"https:\\\/\\\/chantailles.ch\\\/\",\"name\":\"Domaine des Chantailles\",\"description\":\"Tartegnin Pays du bon vin\",\"potentialAction\":[{\"@type\":\"SearchAction\",\"target\":{\"@type\":\"EntryPoint\",\"urlTemplate\":\"https:\\\/\\\/chantailles.ch\\\/?s={search_term_string}\"},\"query-input\":{\"@type\":\"PropertyValueSpecification\",\"valueRequired\":true,\"valueName\":\"search_term_string\"}}],\"inLanguage\":\"fr-FR\"}]}<\/script>\n<!-- \/ Yoast SEO plugin. -->","yoast_head_json":{"title":"Acc\u00e8s - Domaine des Chantailles","robots":{"index":"index","follow":"follow","max-snippet":"max-snippet:-1","max-image-preview":"max-image-preview:large","max-video-preview":"max-video-preview:-1"},"canonical":"https:\/\/chantailles.ch\/?page_id=33","og_locale":"fr_FR","og_type":"article","og_title":"Acc\u00e8s - Domaine des Chantailles","og_description":"Pour nous trouver, rien de plus simple! Prenez la sortie n\u00b013 \u00e0 Rolle. Suivez les panneaux z.a. La Pi\u00e8ce. Vous prendrez trois giratoires. Au premier: 3\u00e8me sortie Au second: premi\u00e8re [&hellip;]","og_url":"https:\/\/chantailles.ch\/?page_id=33","og_site_name":"Domaine des Chantailles","article_modified_time":"2021-12-25T16:44:52+00:00","twitter_card":"summary_large_image","twitter_misc":{"Dur\u00e9e de lecture estim\u00e9e":"1 minute"},"schema":{"@context":"https:\/\/schema.org","@graph":[{"@type":"WebPage","@id":"https:\/\/chantailles.ch\/?page_id=33","url":"https:\/\/chantailles.ch\/?page_id=33","name":"Acc\u00e8s - Domaine des Chantailles","isPartOf":{"@id":"https:\/\/chantailles.ch\/#website"},"datePublished":"2017-04-12T15:03:32+00:00","dateModified":"2021-12-25T16:44:52+00:00","breadcrumb":{"@id":"https:\/\/chantailles.ch\/?page_id=33#breadcrumb"},"inLanguage":"fr-FR","potentialAction":[{"@type":"ReadAction","target":["https:\/\/chantailles.ch\/?page_id=33"]}]},{"@type":"BreadcrumbList","@id":"https:\/\/chantailles.ch\/?page_id=33#breadcrumb","itemListElement":[{"@type":"ListItem","position":1,"name":"Accueil","item":"https:\/\/chantailles.ch\/"},{"@type":"ListItem","position":2,"name":"Acc\u00e8s"}]},{"@type":"WebSite","@id":"https:\/\/chantailles.ch\/#website","url":"https:\/\/chantailles.ch\/","name":"Domaine des Chantailles","description":"Tartegnin Pays du bon vin","potentialAction":[{"@type":"SearchAction","target":{"@type":"EntryPoint","urlTemplate":"https:\/\/chantailles.ch\/?s={search_term_string}"},"query-input":{"@type":"PropertyValueSpecification","valueRequired":true,"valueName":"search_term_string"}}],"inLanguage":"fr-FR"}]}},"_links":{"self":[{"href":"https:\/\/chantailles.ch\/index.php?rest_route=\/wp\/v2\/pages\/33","targetHints":{"allow":["GET"]}}],"collection":[{"href":"https:\/\/chantailles.ch\/index.php?rest_route=\/wp\/v2\/pages"}],"about":[{"href":"https:\/\/chantailles.ch\/index.php?rest_route=\/wp\/v2\/types\/page"}],"author":[{"embeddable":true,"href":"https:\/\/chantailles.ch\/index.php?rest_route=\/wp\/v2\/users\/1"}],"replies":[{"embeddable":true,"href":"https:\/\/chantailles.ch\/index.php?rest_route=%2Fwp%2Fv2%2Fcomments&post=33"}],"version-history":[{"count":5,"href":"https:\/\/chantailles.ch\/index.php?rest_route=\/wp\/v2\/pages\/33\/revisions"}],"predecessor-version":[{"id":1714,"href":"https:\/\/chantailles.ch\/index.php?rest_route=\/wp\/v2\/pages\/33\/revisions\/1714"}],"wp:attachment":[{"href":"https:\/\/chantailles.ch\/index.php?rest_route=%2Fwp%2Fv2%2Fmedia&parent=33"}],"curies":[{"name":"wp","href":"https:\/\/api.w.org\/{rel}","templated":true}]}}